ommon divisor of 11 and h.
1
Let d = 164 + -151. Let c(v) = -2*v + 62. Let x be c(d). Calculate the greatest common divisor of x and 81.
9
Let n(k) = -807*k + 429. Let q be n(-2). What is the greatest common divisor of 27 and q?
9
Let z(p) = -8*p - 22*p**2 + 20*p + p**3 - 63 - 3*p. Let h be z(22). What is the greatest common divisor of 30 and h?
15
Let k be -8 - (48/(-8) - 66). Suppose 48 = 3*l - 48. What is the highest common divisor of l and k?
32
Suppose 41*u - 2*u + 4664 - 20576 = 0. Calculate the greatest common divisor of 72 and u.
24
Let a be 16/6*2/((-4)/(-3)). Suppose -5*r - 524 = -a*s, 4*s = -r + 2*r + 508. Let p = 142 + -128. Calculate the highest common divisor of s and p.
14
Suppose -878 = -w + 4*t - 9*t, -2*t = 6. What is the greatest common factor of w and 19?
19
Suppose -42*s = -153 - 57. What is the greatest common divisor of s and 23?
1
Let h be (-2)/(3/(-1)*2/(-6)). Let s be -1 + 1/h*(-6)/3. Let j be (7 - 7) + (1 - s) + 143. Calculate the highest common divisor of j and 24.
24
Let d = 2599 - 2261. Calculate the greatest common divisor of 208 and d.
26
Let c be ((1122/18)/17)/((-1)/(-33)). Let r = 632 + -621. Calculate the highest common factor of c and r.
11
Let d = 574 - 105. Let j be 12/(-18)*402/(-4). What is the greatest common factor of j and d?
67
Let j(o) = 18*o**2 + 6. Let r be j(6). Let q(b) = 7*b - 132. Let a be q(-45). Let d = a + r. What is the greatest common factor of d and 23?
23
Let o be (-1)/((90/35 - 3)*27/81). Let c(z) = -10*z**3 + 5*z + 4. Let h be c(-3). What is the highest common divisor of o and h?
7
Let i = 22 + -6. Suppose 40*p + i = 44*p. Suppose -9 = -2*r + p*w - 1, -3*r = -4*w - 18. What is the greatest common divisor of r and 80?
10
Suppose -66*w = -37*w - 561672. What is the greatest common factor of 72 and w?
72
Let x(i) = 5*i**3 - 3*i**2 - 34*i + 122. Let s be x(5). Suppose -23*j = -6122 - s. Calculate the greatest common factor of 9 and j.
9
Suppose -91*s - 84*s = -95375. Calculate the greatest common divisor of s and 1744.
109
Let t be 36853 - ((-1180)/(-472))/((-5)/12). What is the highest common factor of 31 and t?
31
Suppose -3*x + 2436 = -4*y, -5*x = -0*x + 4*y - 4060. Let g(b) = -2*b**3 - 14*b**2 + 26*b - 62. Let k be g(-9). What is the greatest common divisor of k and x?
28
Let y be (117/(-52))/(5/(7260/(-9))). Calculate the greatest common factor of y and 231.
33
Let b(t) = 29*t**2 + 11*t - 25. Let p be b(6). Let s = -829 + p. What is the highest common factor of s and 192?
64
Let v(m) = -12*m + 152. Let x be v(-9). Suppose 152 = -258*f + x*f. Let k be (-2)/3 - 14/(-3). Calculate the greatest common factor of k and f.
4
Let i = 369 - 349. Let t = -41 - -45. Suppose 205 = 5*a - 5*d, -5*d + 144 + 11 = t*a. Calculate the highest common divisor of i and a.
20
Let y = 461 + -296. Suppose -2*h - 119 = -y. What is the greatest common divisor of 161 and h?
23
Let p = 476 + -170. Calculate the greatest common divisor of p and 126.
18
Let t = 1904 + -1905. Let u be (840/(-252))/(t/24). Let d(a) = 5*a**2 + a + 1. Let j be d(-1). Calculate the greatest common divisor of u and j.
5
Suppose 0 = -158*n + 161*n - 5*u - 55007, 12*n - 3*u = 219909. What is the greatest common factor of 72 and n?
36
Let i(g) = -8*g**3 + 63*g**2 - 106*g + 574. Let a be i(7). Let k = 28 - 48. Let u = 45 + k. Calculate the highest common factor of a and u.
25
Let w(x) be the third derivative of x**5/60 - x**4/24 + x**3/2 - 2*x**2. Let u = -358 + 354. Let g be w(u). What is the highest common divisor of g and 115?
23
Let v be ((-3)/9)/(1/(-201)). Let p = -59 + v. What is the greatest common factor of p and 28?
4
Suppose 0 = 5*l + 8*l - 3094. Calculate the greatest common factor of l and 306.
34
Let n be ((-99)/2)/(413/(-56) - -7). Calculate the greatest common factor of 858 and n.
66
Suppose 4*k = 20 + 108. Let n = 45 - 43. Let r be 2 + 16/7 + n/(-7). Calculate the highest common factor of r and k.
4
Let m = -599 - -604. Suppose m*v + 41 = 4*t, -39 = -2*t - v - 8. What is the highest common factor of 392 and t?
14
Suppose -94*y + 161*y - 69412 = 0. Calculate the highest common factor of 56 and y.
28
Suppose -48*i - 135*i + 8052 = 0. Calculate the greatest common divisor of i and 5819.
11
Let a(m) = -m**3 + 5*m**2 - 2*m - 7. Let q be a(3). Let t(w) = 13 - 3*w - q*w - 21*w + 2*w**2. Let n be t(15). What is the greatest common factor of 140 and n?
28
Let v = 4134 + -4038. Calculate the highest common divisor of v and 30.
6
Let y(t) = t**2 - 33*t + 39. Let c(s) = 5*s**3 - 3*s**2 + 5*s - 5. Let n be c(2). Let q be y(n). Calculate the greatest common divisor of 221 and q.
13
Suppose 3*p + 2791 = 5*w, 43*w - 41*w + 5*p = 1135. Calculate the highest common divisor of w and 224.
112
Let l be (35/14 + 1)*(-8)/(-14). Suppose a - 168 = -l*a - v, 0 = a + v - 58. What is the highest common divisor of 1045 and a?
55
Let z be (6/9)/(12/738). Let o = -73 + z. Let v = -22 - o. Calculate the greatest common divisor of v and 70.
10
Let z(d) = 29*d**2 - 115*d + 1. Let a be z(4). Suppose 2*f + b = 7*f - 5, 5 = b. Suppose 0 = -f*h - 2*h + 100. Calculate the greatest common divisor of h and a.
5
Let t(m) = 16*m - 7. Let a be t(11). Suppose 14*j = 10*j + 104. What is the highest common factor of j and a?
13
Suppose 2*m + 0*o - 188 = o, -o + 4 = 0. Let k(j) = -4*j - 16. Let x be k(-7). Calculate the highest common divisor of m and x.
12
Let n(b) = -b**2 + 59*b - 276. Let o be n(53). Let q = -63 - -119. What is the greatest common divisor of q and o?
14
Let l = 1580 - 1532. Calculate the greatest common factor of 192 and l.
48
Let v = -15000 + 19381. Calculate the highest common divisor of v and 13.
13
Let k = 10421 + -9317. What is the highest common divisor of k and 115?
23
Let r(a) = -a**2 + 2*a. Let g(x) = -x**2 + 13*x - 7. Let l(o) = g(o) - 2*r(o). Let j be l(-10). What is the greatest common divisor of j and 27?
3
Suppose -6*c - 252 = -13*c. Let b = 18 + -14. Suppose -o - b*a = -47, -2*o + 5*o - 4*a = 205. Calculate the greatest common factor of o and c.
9
Let j(n) = -2*n**2 - 43*n + 99. Let f be (1 - -3) + -22 + (-30)/6. Let w be j(f). Let p be ((-88)/6)/((-4)/90). What is the greatest common factor of p and w?
30
Suppose 3*r = -7*r + 3160. Suppose -r = s - 492. Suppose -113 = -5*d + k, -57 = -3*d + k + 12. What is the highest common divisor of s and d?
22
Let u = -81 + 81. Let j = u + 5. Let m be (0 + 6/j)/((-6)/(-285)). What is the highest common divisor of 19 and m?
19
Let o(s) = 6*s**2 - 9*s - 4. Let u be o(8). Let f = -148 + u. Calculate the greatest common divisor of f and 10.
10
Let h(c) = -c**3 - c**2 + 3*c - 1. Let w be h(-4). Let s = 21 - -16. Let g = s + w. What is the highest common factor of g and 24?
24
Let j(h) = 7*h - 56. Let x be -5 + -10 + 5 + 7. Let v be (-2 + x/(-2))/((-14)/532). Let z be j(v). What is the greatest common divisor of z and 11?
11
Let n be 12*(-20)/(-42)*(-266)/(-4)*3. Calculate the greatest common factor of n and 76.
76
Let f = 4635 + -4371. Calculate the greatest common divisor of 77 and f.
11
Let f = 44374 + 9705. Calculate the highest common divisor of f and 41.
41
Let q be 2/(-6)*2763/(-3). Let v = -304 + q. What is the highest common divisor of 27 and v?
3
Suppose -3*n - 231 = -4*n - 5*z, 0 = -2*z. Suppose 2*d + 2*q - 72 = 0, d = -3*d - 2*q + 156. Calculate the greatest common factor of d and n.
21
Suppose -5*q + 16*q + 30*q - 17343 = 0. What is the greatest common divisor of 1833 and q?
141
Let a be 2/5*(19 + 1). Suppose 0*o + 2*o = -6, -2*i + 2*o + 14 = 0. Let s be (-279)/(-5) - i*8/(-160). What is the greatest common divisor of s and a?
8
Suppose 5382 = -34*p + 43*p. Suppose p = 27*l + 193. Let a be 15/(-2 + (-34)/(-16)). Calculate the highest common divisor of a and l.
15
Let d be 73/(-4)*(-4 + -4). Let h = -130 + d. Let v = 181 - 5. What is the highest common factor of h and v?
16
Suppose 224*s - 9860 = 220*s. What is the greatest common factor of s and 85?
85
Let d = -239 - -254. Let p be (20/d)/((-8)/132)*-1. What is the highest common divisor of p and 66?
22
Let h = 1389 - 1341. Calculate the highest common factor of 15 and h.
3
Let f(q) = -q**2 - 21*q - 69. Let y be f(-12). Calculate the highest common divisor of y and 2288.
13
Let t be (-5)/15 - (-2)/6. Suppose 4*u + 433 + 155 = t. Let q 